15*l - 7. Give p(-4).
53
Let q(d) = 12*d + 7. Determine q(-6).
-65
Let d(z) = z**2 - 5. What is d(0)?
-5
Let c(q) = -q**3 - q + 18. Determine c(0).
18
Let j(f) = 2*f**2 - 27*f - 19. Determine j(14).
-5
Let p(u) = u**3 + 2*u**2 + 7. What is p(-3)?
-2
Let g(l) = l**3 + 14*l**2 - 6. Determine g(-14).
-6
Let q(x) = -x**2 + 13*x + 96. Give q(17).
28
Let b(k) = 4*k**2 + 67*k - 21. What is b(-17)?
-4
Let c(t) = -4*t + 8. Calculate c(-12).
56
Let w(t) = -t**3 - 25*t**2 + t + 12. Determine w(-25).
-13
Let f(i) = 2*i - 21. Give f(16).
11
Let c(k) = -2*k**2 + 6*k + 18. What is c(6)?
-18
Let t(m) = -m**2 - m + 6. Give t(0).
6
Let z(t) = t - 16. Give z(12).
-4
Let y(g) = g**3 - 16*g**2 + 3*g + 9. Give y(16).
57
Let q(b) = b**2 - 17*b - 15. What is q(15)?
-45
Let f(a) = -4*a**2 + 130*a + 70. Give f(33).
4
Let y(b) = 16*b + 62. Calculate y(-4).
-2
Let b(l) = l**3 + 7*l**2 + 7*l + 6. Calculate b(-4).
26
Let b(t) = -t**3 + t**2 + 9*t + 8. What is b(4)?
-4
Let b(u) = u**2 - 14*u + 7. Determine b(6).
-41
Let y(a) = -a**2 - 2*a + 5. What is y(3)?
-10
Let s(k) = -k**3 - 14*k**2 + 14*k - 16. Calculate s(-15).
-1
Let z(t) = -3*t**3 + t**2 - t + 3. What is z(2)?
-19
Let j(r) = r**3 + 18*r**2 - 40*r + 25. What is j(-20)?
25
Let j(c) = -c**2 - 14*c + 55. What is j(-17)?
4
Let y(w) = 4*w - 10. Calculate y(3).
2
Let v(g) = g**3 + 3*g**2 - 5*g - 6. Calculate v(-4).
-2
Let k(j) = 3*j - 30. Give k(16).
18
Let a(f) = -f**3 + 21*f**2 - 38*f + 21. Give a(19).
21
Let w(h) = -h**2 - h - 20. Calculate w(0).
-20
Let u(t) = -2*t. What is u(10)?
-20
Let z(h) = 33*h**3 - 162*h**2 - 15*h - 4. Give z(5).
-4
Let f(w) = 23*w + 47. Calculate f(-2).
1
Let t(k) = -k**3 - k**2 + 4*k + 4. Give t(-3).
10
Let v(i) = i**3 + 21*i**2 - 23*i - 30. Determine v(-22).
-8
Let d(c) = -c - 6. Calculate d(0).
-6
Let u(m) = 3*m**3 + 5*m**2 + 3*m + 3. Give u(0).
3
Let g(a) = -a**3 - 5*a**2 + 3*a - 2. Determine g(-5).
-17
Let u(r) = -r**2 + 12*r + 198. Give u(21).
9
Let h(k) = -k**2 - 9*k - 14. Determine h(-8).
-6
Let u(k) = k**3 + 12*k**2 + 4*k + 4. Calculate u(-11).
81
Let k(l) = l**2 - 11*l + 20. Determine k(8).
-4
Let q(g) = 10*g - 15. What is q(4)?
25
Let v(l) = -l**2 + 3*l + 4. Calculate v(6).
-14
Let x(v) = -v**2 + 44*v - 123. What is x(41)?
0
Let i(t) = t**2 + 8*t + 4. Determine i(-5).
-11
Let h(m) = -m**2 - 3*m + 11. What is h(3)?
-7
Let c(n) = 10*n + 5. Determine c(3).
35
Let p(f) = -f**2 + 27*f - 148. Determine p(7).
-8
Let a(n) = 4*n + 13. Determine a(-6).
-11
Let i(b) = -b**3 - 8*b**2 - 9*b - 14. What is i(-7)?
0
Let k(f) = -f**2 - 3*f - 14. What is k(0)?
-14
Let l(p) = p**3 - 8*p**2 + 17*p - 5. What is l(5)?
5
Let k(o) = -3*o + 14. Determine k(16).
-34
Let r(y) = 3*y**2 + y - 16. What is r(-3)?
8
Let c(g) = -g**3 - 13*g**2 + 13*g - 11. Determine c(-14).
3
Let a(j) = 2*j**2 + 16*j - 3. What is a(-10)?
37
Let f(d) = -d**2 + 14*d + 10. Give f(14).
10
Let y(v) = -v**3 - 3*v**2 + 16*v + 13. Determine y(-6).
25
Let b(g) = -g + 1. Calculate b(6).
-5
Let g(o) = -2*o**3 + 7*o - 6. Calculate g(1).
-1
Let h(k) = -46*k + 22. What is h(-2)?
114
Let w(d) = 2*d + 49. Calculate w(-26).
-3
Let s(i) = -i**3 + 6*i**2 - 4*i + 1. Give s(5).
6
Let w(z) = -2*z**2 - 4*z - 2. Determine w(-3).
-8
Let i(f) = f**2 + 11*f + 32. What is i(-6)?
2
Let z(d) = 2*d + 21. What is z(-9)?
3
Let h(k) = k**2 + 17*k + 8. Give h(-14).
-34
Let s(r) = 2*r - 14. What is s(8)?
2
Let u(b) = b**3 - 51*b**2 - 57*b + 253. What is u(52)?
-7
Let r(q) = -q**2 - 33*q - 3. What is r(-33)?
-3
Let l(z) = 4*z**3 - 4*z**2 + 2*z. Determine l(1).
2
Let z(u) = -4*u - 12. Give z(-12).
36
Let m(g) = 6*g + 76. Give m(-18).
-32
Let a(q) = 17*q - 137. Determine a(8).
-1
Let f(r) = r**3 - 21*r**2 + 19*r + 23. What is f(20)?
3
Let q(b) = 7*b + 242. Give q(-34).
4
Let s(t) = t**3 - 7*t**2 - 8*t + 10. Give s(8).
10
Let f(s) = -2*s**2 - 16*s + 2. Give f(-8).
2
Let n(i) = -12*i**2 - i - 7. What is n(-3)?
-112
Let m(x) = -x**3 + 8*x**2 + 15*x - 51. Give m(9).
3
Let z(d) = -16*d - 27. Determine z(-2).
5
Let c(j) = j**3 + 8*j**2 + 3*j - 17. Calculate c(-8).
-41
Let y(t) = 2*t**3 - 38*t**2 - 41*t + 56. Give y(20).
36
Let p(w) = -3*w**2 + 152*w + 537. Determine p(54).
-3
Let r(b) = -b**2 - 4*b + 15. Determine r(-6).
3
Let l(o) = 5*o - 4. What is l(2)?
6
Let u(h) = -h**2 + 13*h + 48. Give u(16).
0
Let g(i) = 8*i - 30. What is g(-8)?
-94
Let y(j) = j**2 + 7*j + 3. What is y(-5)?
-7
Let f(o) = o**3 - 29*o**2 + 32*o - 125. Determine f(28).
-13
Let w(t) = -t**2 + 9*t + 4. Calculate w(7).
18
Let m(c) = -2*c**2 + 9*c - 7. What is m(6)?
-25
Let i(l) = -l**2 + 6*l + 6. Give i(7).
-1
Let h(u) = u**3 - 12*u**2 + 29*u - 6. Determine h(9).
12
Let a(k) = k**2 - 11*k + 22. Give a(5).
-8
Let f(m) = -m**2 + 10*m + 14. Give f(12).
-10
Let j(n) = 58*n + 1. Calculate j(3).
175
Let v(t) = -2*t**3 - t**2 + 2*t - 1. Give v(-2).
7
Let k(m) = -10*m - 1. What is k(1)?
-11
Let y(w) = w**2 - 41*w - 31. Give y(42).
11
Let q(r) = -4*r**2 - 67*r + 9. What is q(-17)?
-8
Let w(u) = u**3 + 8*u**2 - 11*u - 13. Give w(-9).
5
Let l(a) = -63*a - 446. What is l(-7)?
-5
Let n(o) = o**2 + 26*o - 18. Calculate n(-27).
9
Let d(c) = -3*c - 9. What is d(-7)?
12
Let r(m) = -m**3 - 8*m**2 - 9*m + 8. What is r(-7)?
22
Let q(y) = y**3 - 8*y**2 - 12*y + 25. Determine q(9).
-2
Let x(r) = -r**3 - 7*r**2 + 13*r + 41. Calculate x(-8).
1
Let b(f) = -4*f - 113. Give b(0).
-113
Let s(g) = -g**3 + 4*g**2 - 4*g - 4. What is s(4)?
-20
Let p(a) = -5*a**2 - 9*a - 8. Determine p(-3).
-26
Let o(k) = 3*k**3 - 3*k**2 - 2*k - 1. Determine o(-2).
-33
Let x(a) = 13*a + 96. Calculate x(-7).
5
Let h(t) = -t**2 - 8*t + 47. Calculate h(-12).
-1
Let z(f) = 2*f**2 + 4*f - 15. Calculate z(-5).
15
Let h(c) = -31*c**3 - 2*c**2 + 4*c - 2. What is h(1)?
-31
Let w(f) = 4*f**2 - 15*f + 9. What is w(5)?
34
Let i(u) = u**2 + 2*u + 4. Calculate i(-6).
28
Let o(y) = -y + 3. Give o(2).
1
Let x(p) = -p**3 - 13*p**2 - 4*p - 10. Determine x(-13).
42
Let h(m) = -7*m + 2. Determine h(-3).
23
Let l(q) = 2*q**2 - 74*q - 65. Calculate l(37).
-65
Let z(p) = p**3 - 12*p**2 - 12*p - 22. Give z(13).
-9
Let q(u) = u**3 + 8*u**2 - 10*u - 21. Give q(-9).
-12
Let a(x) = x**3 - 32*x**2 + x - 36. Give a(32).
-4
Let b(z) = z**3 + 7*z**2 + 2*z - 8. Determine b(-5).
32
Let h(i) = 2*i**2 - 6*i - 35. What is h(6)?
1
Let p(u) = -12*u + 37. Calculate p(4).
-11
Let d(u) = -u**2 - 7*u + 65. Determine d(-12).
5
Let t(u) = 2*u + 39. Give t(13).
65
Let r(u) = -2*u**2 - 73*u - 37. Determine r(-36).
-1
Let t(k) = -k + 1. Give t(-7).
8
Let r(k) = -k**2 - 6*k + 19. What is r(-10)?
-21
Let n(z) = z**3 - 6*z**2 + 5*z + 3. Determine n(5).
3
Let n(t) = -t**3 - 13*t**2 - 4*t + 41. Give n(-12).
-55
Let b(y) = -y**3 + 20*y**2 - 25*y + 131. Determine b(19).
17
Let j(g) = -g**2 - 13*g + 70. Determine j(-14).
56
Let w(z) = -z - 6. What is w(9)?
-15
Let h(a) = a**2 - 8*a + 8. Calculate h(4).
-8
Let u(g) = -3*g**3 - 122*g**2 + 46*g + 201. Give u(-41).
-4
Let h(v) = -v**3 - 9*v**2 + 9*v - 6. Give h(-10).
4
Let c(p) = -5*p - 33. Determine c(-14).
37
Let t(n) = n**3 - 14*n**2 + 36*n - 23. What is t(11)?
10
Let t(a) = 2*a**2 + 22*a - 22. Calculate t(-12).
2
Let o(f) = f**3 - 9*f**2 - 6*f + 2. What is o(10)?
42
Let q(t) = t**2 - 14*t - 32. What is q(16)?
0
Let b(r) = -r**3 - 10*r**2 - 10*r - 2. Determine b(-9).
7
Let g(h) = -h**3 + 8*h**2 + 8*h + 16. Calculate g(9).
7
Let l(d) = d**2 - 6*d + 6. What is l(6)?
6
Let r(u) = 2*u**2 - 40*u - 234. Calculate r(-5).
16
Let i(a) = -a + 33. Determine i(6).
27
Let a(i) = -i**3 + 30*i**2 - 29*i + 5. What is a(29)?
5
Let j(v) = -v**2 + 30*v - 164. Give j(22).
12
Let c(t) = -2*t - 14. Give c(-5).
-4
Let u(h) = -h - 1. Calculate u(-4).
3
Let r(g) = -120*g - 127. What is r(-1)?
-7
Let t(q) = -18*q - 114. Calculate t(-6).
-6
Let j(q) = -14*q - 126. Determine j(-9).
0
Let u(t) = -2*t**3 - 9*t**2 + 14*t - 2. What is u(-6)?
22
Let g(z) = z**2 + 8*z - 2. Give g(-5).
-17
Let x(h) = h**3 + 21*h**2 - 52*h - 128. Determine x(-23).
10
Let p(r) = -r**3 - 3*r**2 - 8*r - 34. Determine p(-4).
14
Let g(j) = j**2 - j - 20. Give g(0).
-20
Let m(g) = -g**2 + 27*g - 49. Calculate m(2).
1
Let v(i) = -51*i. Determine v(-3).
153
Let j(h) = h**3 - 6*h**2 + 9*h - 10. Determine j(4).
-6
Let g(m) = -m**3 + 2*m**2 + 5*m + 7. Determine g(-3).
37
Let d(u) = -u**3 + 4*u**2 - 9*u + 26. Determine d